 u?
4
Let f = 272 - 316. Suppose -3*j - 11 = w, -3*w + 8*w + j + 83 = 0. Let i = w - f. Calculate the greatest common factor of 189 and i.
27
Let v(c) = -58*c**3 + c**2 - 2*c - 3. Let s be v(-1). Suppose -2 + s = 7*q. Calculate the highest common divisor of q and 104.
8
Suppose 0 = -m - j + 39, 4*j = -777*m + 781*m - 220. Calculate the highest common divisor of m and 48128.
47
Let u = 359 + -257. Let b be ((-13)/(-78)*-2)/((-2)/u). Calculate the greatest common divisor of b and 170.
17
Suppose -3405*d + 3416*d = 484. What is the greatest common divisor of 8558 and d?
22
Let i(u) = -3*u - 37. Let f be i(-14). Suppose -2*w + f*w = -9. Let g be ((-168)/(-49))/(w/(-21)). What is the greatest common divisor of 6 and g?
6
Suppose -13 - 19 = -2*z. Let k = 998 + -1842. Let p = k + 1052. What is the highest common factor of z and p?
16
Let b be 42/(-2) - (382 - 1276). Calculate the highest common divisor of 2813 and b.
97
Let d(b) = -16*b**2 - 28*b + 8. Let u(t) = 15*t**2 + 27*t - 7. Let g(i) = 3*d(i) + 4*u(i). Let z be g(-4). What is the highest common factor of 46 and z?
46
Let a = 13337 - 12743. What is the greatest common factor of a and 5841?
99
Suppose 7*f - 495 = 16. Let j = f + 36. Suppose j = 4*t - 51. What is the highest common divisor of t and 16?
8
Let r be 1*20/(3 - 1). Suppose 0 = a - 2 - r. Let p(y) = 6*y**2 + 320*y + 3876. Let k be p(-36). What is the greatest common divisor of k and a?
12
Suppose 60*s + 4409 - 14616 - 6593 = 0. What is the highest common factor of 1610 and s?
70
Let c(q) = q**2 - 2*q - 6. Let k be c(2). Let o be (-82)/k - (-7)/21*-2. Calculate the greatest common factor of 299 and o.
13
Suppose 19*g = -8*g + 810. Suppose 7*f = 1342 + 863. What is the greatest common divisor of f and g?
15
Suppose 3*g - 2340 = -17*g. Suppose 36*y - 39*y = -g. Calculate the highest common factor of y and 195.
39
Suppose -3*w + 4*w - 168 = 0. Suppose 143 - 44 = 2*z + x, 3*z - 3*x - 162 = 0. Suppose z*f - 189 = 42*f. What is the highest common factor of f and w?
21
Let a = 3816 + -2772. Calculate the greatest common divisor of 812 and a.
116
Let r be (-5)/4*(-142 + 2). Let y be (-2 - (-5 - -1))/(2/(-5)). Let k be 2/10 + (-174)/y. Calculate the highest common divisor of k and r.
35
Let o = -969 - -906. Let y be 6/63 + (-750)/o. Let u = -117 - -201. What is the greatest common factor of u and y?
12
Let w(r) be the second derivative of r**4/2 + 10*r**3 - 27*r**2/2 + 31*r + 3. Let c be w(-11). What is the greatest common factor of 221 and c?
13
Suppose 2 = n, -3*n + 4*n + 34 = 4*l. Let f(o) = 94*o + 11. Let z be f(1). Let a = 186 - z. Calculate the highest common factor of l and a.
9
Let x(l) = 5*l**2 - 145*l + 1209. Let u be x(31). Calculate the highest common divisor of u and 1127.
49
Let k be (-1)/(6/(-234)) - (-2)/(-2). Let h(s) = -s**3 + 10*s**2 - 7*s + 1. Let b be h(9). What is the highest common factor of k and b?
19
Let r = -857 - -850. Let h be 18*r/14 - -165. What is the greatest common factor of h and 4?
4
Let k(i) = 11*i + 144. Let n be k(20). Let p = n - 342. Calculate the highest common divisor of 198 and p.
22
Suppose 2*d = -3*r + 32, -5*r - d + 17 + 34 = 0. Let s = 37 - r. Suppose 0 = 2*t + 3*t - 15. What is the highest common divisor of t and s?
3
Let i be (22 + -18)*(-6)/(-8). Calculate the highest common factor of 951 and i.
3
Let w be 19443/9 - (-23)/(20 + -89). What is the greatest common factor of w and 45?
45
Let d be ((-10)/4)/(3/36). Let m = d - -34. Suppose 0 = -x + m + 6. Calculate the highest common divisor of 5 and x.
5
Let u(m) = -m**2 - 158*m - 625. Let l be u(-51). Calculate the highest common factor of 755 and l.
151
Let a be 75/20 + (-3)/4. Suppose -a*z = -4*z - y + 161, -3*y = 5*z - 803. Calculate the greatest common factor of z and 32.
32
Let j(v) = -7 + 3*v + 23 + 28 + v - 8. Let n be j(0). What is the highest common factor of n and 198?
18
Let p be (-3400)/(-27) - -3 - (-6)/81. Calculate the highest common divisor of 559 and p.
43
Let h = -290 + 332. Suppose t = 7*a - 12*a + 41, -t - 4*a = -h. Let l = -29 + 397. What is the highest common divisor of l and t?
46
Let k(x) = x**3 + 11*x**2 + 6*x + 132. Let a be k(-10). What is the highest common divisor of a and 1247?
43
Suppose 21*k - 888 = -16*k. Suppose -64 = 19*f - 21*f. Calculate the greatest common factor of f and k.
8
Let d(j) = -j**2 + 22*j - 24. Let b be (1/(-3)*1)/((-6)/324). Let f be d(b). What is the highest common factor of 72 and f?
24
Let z(s) = -s**3 - 3*s**2 + 3*s - 3. Let x be z(-4). Let b = 24927 - 24926. What is the greatest common divisor of x and b?
1
Let z(b) = -16*b**2 - 162*b + 32. Let v be z(-10). What is the highest common factor of 1833 and v?
13
Suppose 0 = 61*k - 37*k - 384. What is the highest common divisor of k and 170?
2
Let c be (-18830)/(-49) + 14/(-245)*5. Calculate the highest common factor of c and 112.
16
Suppose -24*q + 22*q + 32 = -a, -3*q + 33 = a. Let n be (-14*1)/2 + 1. Let h(z) = -23*z + 5. Let w be h(n). Calculate the greatest common divisor of q and w.
13
Let i(v) = 3*v**2 + 3*v + 3. Let x be i(-3). Let y(o) = 563*o - 281*o - 67 - 284*o. Let w be y(-35). What is the greatest common factor of x and w?
3
Suppose -2*l + 5 = -5. Let z(x) = x**2 + 12*x + 27. Let j be z(-10). Let a = j - l. What is the greatest common factor of a and 2?
2
Let i be 0 - (26*3)/(-1). Let a(z) = z**3 + 20*z**2 + 132*z + 597. Let n be a(-5). Calculate the greatest common factor of n and i.
78
Let v(o) = o**3 + 12*o**2 - 30*o - 15. Let t be v(-14). Calculate the greatest common factor of 2977 and t.
13
Let r = -3176 + 7523. Calculate the greatest common factor of r and 161.
161
Let c = 159 - 127. Suppose -4*m = -3*a + 31, 0 = -3*a - c*m + 28*m + 71. What is the highest common divisor of 119 and a?
17
Let u be 119/(21/(-6) - (8 - 12)). Suppose -14*g = -21*g + u. What is the highest common factor of g and 34?
34
Suppose -10*o - 2968 - 12 = 0. Let i = 346 + o. Calculate the greatest common divisor of 9 and i.
3
Suppose 46*a = 13*a - 660. Let z = -8 - -14. Let w be (-4)/((a/z)/5). What is the highest common factor of 12 and w?
6
Let w(k) = -7*k + 514. Let j(l) = -3*l + 258. Let i(d) = 7*j(d) - 4*w(d). Let m be i(40). Calculate the greatest common divisor of m and 135.
15
Suppose 5*c - 30 = 0, -2*q - c + 1281 = -3245. Calculate the greatest common divisor of 20 and q.
20
Suppose 0 = 2*t - 4*g + 9*g - 57, 4*t - 105 = -g. Let a be 3912/78 - 4/t. Calculate the greatest common divisor of 75 and a.
25
Let z = 3051 - -1243. What is the greatest common divisor of 38 and z?
38
Let m be (-7)/((-245)/10) - 16086/49. Let f = m + 352. Calculate the greatest common divisor of 120 and f.
24
Let s be (-198792)/(-21) - -3 - (246/(-21) - -12). What is the greatest common factor of s and 17?
17
Let t(p) = 6*p**2 + 85*p + 42. Let f be t(-14). Calculate the highest common factor of f and 6244.
28
Suppose -1132 = -4*q + 4*m, -375*q + 376*q - 268 = -4*m. What is the greatest common divisor of 6265 and q?
35
Suppose 0 = 5*l + 4*v - 96, -2*l = 9*v - 14*v - 12. Let w(p) = -p - 15. Let j be w(-6). Let k = j + 25. Calculate the greatest common factor of l and k.
16
Suppose -4*w = -2*y - 608, -3*w + 610 = w - y. Suppose -v - 9*k + 11 = -11*k, 0 = 4*v - 3*k - 39. What is the highest common factor of v and w?
9
Suppose -3*o - 66 = -2*l, 3*l - 39*o + 37*o = 114. What is the greatest common factor of l and 1806?
42
Let h = 2867 - -1690. Calculate the highest common divisor of 93 and h.
93
Let x(r) = -12*r + 28. Let w be x(10). Let t = 170 + w. Suppose n - 3 = 3. Calculate the greatest common factor of t and n.
6
Suppose 10*g - 208 = 142. Suppose -g = -2*j - 3*j. Suppose 0 = j*z - 14 - 70. Calculate the highest common factor of 8 and z.
4
Let q = 9 + 0. Let z(b) = -b**3 - 11*b**2 - 5*b - 8. Let k be z(-11). Suppose -2*r - q + k = 0. Calculate the greatest common divisor of 19 and r.
19
Suppose 3*z + 511 = -32. Let m = z - -247. What is the highest common factor of 110 and m?
22
Let l = 43 - 34. Suppose 19*g - 724 = 5261. Calculate the greatest common divisor of l and g.
9
Let t be (-5)/(-4 - -14)*3*-18. Suppose -28*y = -25*y + x - t, -4*y + 5*x = -55. What is the highest common factor of 1130 and y?
10
Let t = -687 + 2204. What is the greatest common divisor of 74 and t?
3